er?
True
Is 57949 a prime number?
False
Is 8857 prime?
False
Is 46649 composite?
False
Is 38593 a prime number?
True
Is 45651 composite?
True
Is 3833 a composite number?
False
Is 83903 composite?
False
Is 164965 a composite number?
True
Is 111653 prime?
True
Is 22107 a composite number?
True
Is 65153 a prime number?
False
Is 300719 a composite number?
False
Is 5981 prime?
True
Is 90149 a composite number?
False
Is 5557 a prime number?
True
Is 18637 composite?
False
Is 14821 composite?
False
Is 6491 a prime number?
True
Is 4358 composite?
True
Is 11279 a composite number?
False
Is 30337 prime?
False
Is 15823 prime?
True
Is 2399 a composite number?
False
Is 289829 a prime number?
False
Is 384817 prime?
True
Is 150799 prime?
False
Is 4279 a composite number?
True
Is 7309 a composite number?
False
Is 86419 a composite number?
True
Is 1359379 a composite number?
True
Is 116711 composite?
True
Is 909989 composite?
True
Is 39499 a composite number?
False
Is 214307 prime?
False
Is 5669 composite?
False
Is 6805 composite?
True
Is 60209 a composite number?
False
Is 3131 a prime number?
False
Is 13367 a composite number?
False
Is 18431 prime?
False
Is 135059 a prime number?
True
Is 433643 composite?
True
Is 2393303 composite?
True
Is 13259 a composite number?
False
Is 11359 a prime number?
False
Is 11311 prime?
True
Is 188927 a prime number?
True
Is 446 a prime number?
False
Is 52951 a composite number?
False
Is 86847 a prime number?
False
Is 219983 a prime number?
True
Is 606493 composite?
False
Is 889 prime?
False
Is 31907 a prime number?
True
Is 333269 prime?
True
Is 281137 prime?
False
Is 979 composite?
True
Is 4413 composite?
True
Is 13085 a composite number?
True
Is 264677 a prime number?
False
Is 499381 composite?
True
Is 779261 a prime number?
False
Is 83633 a composite number?
True
Is 7283 a prime number?
True
Is 13606 a composite number?
True
Is 35951 composite?
False
Is 1531 a composite number?
False
Is 26099 a prime number?
True
Is 8129 composite?
True
Is 2818 prime?
False
Is 64217 prime?
True
Is 3919 a composite number?
False
Is 28963 a composite number?
True
Is 5182 a prime number?
False
Is 91079 composite?
False
Is 42739 prime?
False
Is 254489 composite?
False
Is 2533 a prime number?
False
Is 163 composite?
False
Is 3711 a prime number?
False
Is 1094 composite?
True
Is 626581 prime?
True
Is 330406 prime?
False
Is 172961 a prime number?
False
Is 390129 a prime number?
False
Is 7661 prime?
False
Is 26017 a composite number?
False
Is 33809 a prime number?
True
Is 1280193 a prime number?
False
Is 429843 prime?
False
Is 57215 a prime number?
False
Is 913901 a composite number?
True
Is 1493501 composite?
True
Is 19077 a composite number?
True
Is 136841 a composite number?
False
Is 42551 prime?
False
Is 254699 prime?
True
Is 176999 a composite number?
True
Is 166081 prime?
True
Is 88493 a prime number?
True
Is 291791 prime?
True
Is 24515 prime?
False
Is 1025197 composite?
False
Is 20987 composite?
True
Is 803291 prime?
False
Is 10993 prime?
True
Is 47599 prime?
True
Is 469 a composite number?
True
Is 118601 composite?
True
Is 6989 a prime number?
False
Is 285421 a prime number?
True
Is 3989 a composite number?
False
Is 11379 composite?
True
Is 145097 composite?
True
Is 29483 a composite number?
False
Is 1259 a composite number?
False
Is 1109 composite?
False
Is 68815 a prime number?
False
Is 488711 a prime number?
True
Is 410287 a prime number?
False
Is 10321 a prime number?
True
Is 203117 a composite number?
False
Is 17827 a prime number?
True
Is 230257 a prime number?
True
Is 104491 composite?
False
Is 453941 composite?
True
Is 8333 a composite number?
True
Is 51979 prime?
False
Is 4535 a prime number?
False
Is 1793 a prime number?
False
Is 22327 composite?
True
Is 58657 a prime number?
True
Is 472817 a prime number?
True
Is 65211 a prime number?
False
Is 4678 a composite number?
True
Is 62267 prime?
False
Is 366547 prime?
True
Is 6197 a prime number?
True
Is 328463 prime?
False
Is 5609 a prime number?
False
Is 508874 a prime number?
False
Is 190477 prime?
False
Is 1507301 prime?
True
Is 2699913 a composite number?
True
Is 30611 a prime number?
False
Is 3271273 prime?
False
Is 1046063 prime?
False
Is 9199 composite?
False
Is 5921 a prime number?
False
Is 13579 composite?
True
Is 4678477 prime?
True
Is 272299 prime?
True
Is 1231753 prime?
True
Is 257183 a prime number?
False
Is 33191 prime?
True
Is 99661 a composite number?
False
Is 720521 prime?
False
Is 45397 composite?
True
Is 30617 composite?
True
Is 130805 a composite number?
True
Is 371131 a prime number?
True
Is 149671 a prime number?
False
Is 3719 prime?
True
Is 1123 composite?
False
Is 11269 composite?
True
Is 12071 a prime number?
True
Is 1101341 prime?
True
Is 21271 a composite number?
True
Is 2987 prime?
False
Is 8779 a prime number?
True
Is 92271 prime?
False
Is 337627 composite?
False
Is 198155 a composite number?
True
Is 13565 a composite number?
True
Is 216091 composite?
False
Is 106385 prime?
False
Is 164009 composite?
True
Is 142451 a prime number?
False
Is 26941 a composite number?
True
Is 179254 a composite number?
True
Is 14369 a prime number?
True
Is 15013 a prime number?
True
Is 1530599 a composite number?
True
Is 709 composite?
False
Is 154981 composite?
False
Is 238529 a composite number?
False
Is 121139 a prime number?
True
Is 1744423 a composite number?
False
Is 18191 a composite number?
False
Is 3192079 composite?
True
Is 1614351 prime?
False
Is 6049 a prime number?
False
Is 3443 prime?
False
Is 72533 a composite number?
False
Is 854437 a prime number?
False
Is 268453 prime?
False
Is 114451 composite?
False
Is 13811 a prime number?
False
Is 142297 composite?
False
Is 7597 a composite number?
True
Is 19913 composite?
False
Is 33343 prime?
True
Is 5923 a prime number?
True
Is 223 prime?
True
Is 17747 prime?
True
Is 239987 prime?
False
Is 36187 prime?
True
Is 2239505 a composite number?
True
Is 296057 prime?
False
Is 284201 a prime number?
True
Is 165409 a composite number?
True
Is 59249 composite?
True
Is 1061 a prime number?
True
Is 1213 prime?
True
Is 18023 prime?
False
Is 35671 a composite number?
False
Is 8147 a composite number?
False
Is 14281 a prime number?
True
Is 186971 a prime number?
False
Is 260267 a composite number?
True
Is 176041 prime?
True
Is 22613 prime?
True
Is 146279 a prime number?
False
Is 64133 a prime number?
False
Is 4177 a prime number?
True
Is 12323 a composite number?
False
Is 133 prime?
False
Is 82883 a prime number?
True
Is 14609 a composite number?
True
Is 1357 composite?
True
Is 44839 prime?
True
Is 11443 a composite number?
False
Is 9895 prime?
False
Is 19709 prime?
True
Is 3389 a composite number?
False
Is 64057 composite?
True
Is 55457 composite?
False
Is 43391 composite?
False
Is 45887 a composite number?
False
Is 3223 prime?
False
Is 14699 a composite number?
False
Is 11341 composite?
True
Is 10249 composite?
True
Is 134231 a composite number?
True
Is 64781 prime?
True
Is 56219 prime?
False
Is 91765 composite?
True
Is 1889 prime?
True
Is 28439 a composite number?
False
Is 72157 prime?
False
Is 525571 a composite number?
False
Is 15161 prime?
True
Is 83557 a composite number?
False
Is 25793 composite?
False
Is 443837 a composite number?
False
Is 56495 prime?
False
Is 14591 prime?
True
Is 151597 a composite number?
False
Is 332147 a composite number?
False
Is 1186 a prime number?
False
Is 18787 composite?
False
Is 57235 a composite number?
True
Is 1770401 composite?
True
Is 338739 a prime number?
False
Is 6115 a prime number?
False
Is 332411 a composite number?
False
Is 323863 prime?
False
Is 235927 composite?
False
Is 32041 prime?
False
Is 504001 a prime number?
True
Is 4561 composite?
False
Is 6143 a prime number?
True
Is 90109 a composite number?
True
Is 4663 a prime number?
True
Is 15443 composite?
False
Is 24949 a prime number?
False
Is 55402 a prime number?
False
Is 3793 a prime number?
True
Is 574423 prime?
True
Is 391441 a prime number?
True
Is 395 a composite number?
True
Is 833533 composite?
True
Is 18781 prime?
False
Is 109631 a prime number?
False
Is 2815 a composite number?
True
Is 1088209 a prime number?
True
Is 13781 a prime number?
True
Is 1896721 prime?
True
Is 15959 composite?
False
Is 48901 prime?
False
Is 14257